{"id":873,"date":"2018-02-05T16:25:56","date_gmt":"2018-02-05T18:25:56","guid":{"rendered":"https:\/\/movitronics.com.br\/store\/contato\/"},"modified":"2023-10-11T20:15:27","modified_gmt":"2023-10-11T23:15:27","slug":"contato","status":"publish","type":"page","link":"https:\/\/movitronics.com.br\/store\/contato\/","title":{"rendered":"Contato"},"content":{"rendered":"<p>Contato<br \/>\n\t\t\t\t\t\t\t\t\t\t\t\t\t\t\t\t\t\t\t\t\t\tPrecisa de um atendimento r\u00e1pido e produtos com \u00f3timos pre\u00e7os e condi\u00e7\u00f5es de pagamento?Fa\u00e7a seu or\u00e7amento com a gente!<\/p>\n<p>Alameda Afonso Schmidt, 299 &#8211; S\u00e3o Paulo, SP &#8211; Santana\u00a0 +55 11 2838-0005<a href=\"https:\/\/wa.me\/551128380111\">\u00a0 +55 11 2838-0111<\/a> Hor\u00e1rio de Funcionamento:\u00a0 \u00a0 Seg. a Sex.: 08:00 \u00e0s 18:00\u00a0 Enviamos para todo o Brasil<\/p>\n<p><!-- \/row --><\/p>\n<p>Fale com a gente<br \/>\n\t\t\t\t\t\t\t\t\t\t\t\t\t\t\t\t\t\t\t\t\t\tFicou alguma d\u00favida, quer pedir um desconto?<\/p>\n<p>Envie uma mensagem\t\t\t\t\t\t\t\t\t\t\t\t\t\t\t\t\t\t\t\t\t\t\t\t\t\t\t<\/p>\n<p>Seu nome (obrigat\u00f3rio)<\/p>\n<p>Seu e-mail (obrigat\u00f3rio)<\/p>\n<p>Assunto<\/p>\n<p>Sua mensagem<\/p>\n<p><a href=\"https:\/\/mundosantaifigenia.com.br\/Companies\/StartWhatsapp\/1051\"><br \/>\n\t\t\t\t\t\t\t\t\t\t\t\t\t\t\t\t\t\t\t\t\t\t\t\t\t\t\t\t\t..ou converse agora pelo Whatsapp\t\t\t\t\t\t\t\t\t\t\t\t\t\t\t\t\t\t\t\t\t\t\t\t\t\t\t\t\t<\/a><\/p>\n<p>(sem precisar cadastrar nosso n\u00famero nos seus contatos!)<br \/>\n\t\t\t\t\t\t\t\t\t\t\t\t\t\t\t\t\t\t\t\t\t\t\t\t\t\t\t\t\t\t\t\t\t\t\t\t\t<a href=\"https:\/\/mundosantaifigenia.com.br\/Companies\/StartWhatsapp\/1051\"><br \/>\n\t\t\t\t\t\t\t\t\t\t\t\t\t\t Clique aqui para conversar agora pelo Whatsapp\t\t\t\t\t\t\t\t\t\t\t\t\t<\/a><\/p>\n<p><!-- \/row --><\/p>\n","protected":false},"excerpt":{"rendered":"<p class=\"excerpt\">Contato Precisa de um atendimento r\u00e1pido e produtos com \u00f3timos pre\u00e7os e condi\u00e7\u00f5es de pagamento?Fa\u00e7a seu or\u00e7amento com a gente! Alameda Afonso Schmidt, 299 &#8211; S\u00e3o Paulo, SP &#8211; Santana\u00a0 +55 11 2838-0005\u00a0 +55 11 2838-0111 Hor\u00e1rio de Funcionamento:\u00a0 \u00a0 Seg. a Sex.: 08:00 \u00e0s 18:00\u00a0 Enviamos para todo o Brasil Fale com a gente [&hellip;]<\/p>\n","protected":false},"author":1,"featured_media":0,"parent":0,"menu_order":0,"comment_status":"closed","ping_status":"closed","template":"builder.php","meta":[],"_links":{"self":[{"href":"https:\/\/movitronics.com.br\/store\/wp-json\/wp\/v2\/pages\/873"}],"collection":[{"href":"https:\/\/movitronics.com.br\/store\/wp-json\/wp\/v2\/pages"}],"about":[{"href":"https:\/\/movitronics.com.br\/store\/wp-json\/wp\/v2\/types\/page"}],"author":[{"embeddable":true,"href":"https:\/\/movitronics.com.br\/store\/wp-json\/wp\/v2\/users\/1"}],"replies":[{"embeddable":true,"href":"https:\/\/movitronics.com.br\/store\/wp-json\/wp\/v2\/comments?post=873"}],"version-history":[{"count":166,"href":"https:\/\/movitronics.com.br\/store\/wp-json\/wp\/v2\/pages\/873\/revisions"}],"predecessor-version":[{"id":2256,"href":"https:\/\/movitronics.com.br\/store\/wp-json\/wp\/v2\/pages\/873\/revisions\/2256"}],"wp:attachment":[{"href":"https:\/\/movitronics.com.br\/store\/wp-json\/wp\/v2\/media?parent=873"}],"curies":[{"name":"wp","href":"https:\/\/api.w.org\/{rel}","templated":true}]}}