{"id":1389,"date":"2018-05-23T00:02:56","date_gmt":"2018-05-23T03:02:56","guid":{"rendered":"https:\/\/movitronics.com.br\/store\/?post_type=product&#038;p=1389"},"modified":"2018-12-12T09:35:31","modified_gmt":"2018-12-12T11:35:31","slug":"telefone-ip-avaya-9608g-ip","status":"publish","type":"product","link":"https:\/\/movitronics.com.br\/store\/loja\/redes-e-telecom\/avaya\/telefone-ip-avaya-9608g-ip\/","title":{"rendered":"Telefone IP Avaya 9608G IP"},"content":{"rendered":"<p>O Avaya 700505424 \u00e9 um telefone baseado em IP para sistemas de telefone Avaya IP e Communication Manager.<\/p>\n<p>O Avaya 9608G fornece 24 teclas program\u00e1veis atrav\u00e9s de 8 bot\u00f5es de auto-rotulagem na tela.<\/p>\n<p>Cada tecla possui LEDs duplos que permitem conhecer o status de uma linha de relance.<\/p>\n<p>O Avaya 9608G possui uma tela monocrom\u00e1tica branca de 3,2 &#8220;por 2,2&#8221; de retroilumina\u00e7\u00e3o branca.<\/p>\n<p>O telefone oferece suporte para \u00e1udio de banda larga (G.722) tamb\u00e9m conhecido como HD Voice.<\/p>\n<p>Um alto-falante full-duplex e uma tomada de fone de ouvido integrada est\u00e3o integrados ao Avaya 9608G para confer\u00eancias e comunica\u00e7\u00f5es m\u00e3os-livres.<\/p>\n<p>Os indicadores de espera de mensagem dupla alertam os usu\u00e1rios para mensagens de voz.<\/p>\n<p>Um switch Gigabit Ethernet de duas portas est\u00e1 inclu\u00eddo no Avaya 9608G para compartilhar uma queda de rede com um PC.<\/p>\n<table id=\"tabela\" class=\"table\">\n<tbody>\n<tr>\n<td class=\"ce\" style=\"text-align: center;\" colspan=\"2\"><b>Especifica\u00e7\u00f5es Avaya 9608G<\/b><\/td>\n<\/tr>\n<tr>\n<td>Tipo de Produto<\/td>\n<td>Avaya &#8211; telefone IP<\/td>\n<\/tr>\n<tr>\n<td><strong>Estado<\/strong><\/td>\n<td><strong>Remanufaturado<\/strong><\/td>\n<\/tr>\n<tr>\n<td><strong>Garantia<\/strong><\/td>\n<td><strong>Garantia de 4 meses<\/strong><\/td>\n<\/tr>\n<tr>\n<td>Compatibilidade do sistema<\/td>\n<td>Avaya IP Office Vers\u00e3o 8.0 Q1 2012 Service Pack +\u00a0Avaya Aura Communication Manager 3.1.4+ e superior (H.323)<br \/>\nAvaya Aura Communication Manager<br \/>\n6.0 com Avaya Aura Session Manager<br \/>\n6.0 ou Avaya Midsize Business Template 5.2.1 (SIP)<\/td>\n<\/tr>\n<tr>\n<td>Teclas de fun\u00e7\u00e3o<\/td>\n<td>4 teclas program\u00e1veis<br \/>\n8 bot\u00f5es com LEDs duplos (vermelho, verde)<\/td>\n<\/tr>\n<tr>\n<td>Porta fone de ouvido<\/td>\n<td>Sim<\/td>\n<\/tr>\n<tr>\n<td>Porta do painel principal<\/td>\n<td>Sim<\/td>\n<\/tr>\n<tr>\n<td>Mensagem em espera<\/td>\n<td>Sim<\/td>\n<\/tr>\n<tr>\n<td>Fun\u00e7\u00e3o alto-falante<\/td>\n<td>Sim<\/td>\n<\/tr>\n<tr>\n<td>Compat\u00edvel com aparelhos de audi\u00e7\u00e3o<\/td>\n<td>O aparelho ergon\u00f4mico compat\u00edvel com aparelhos auditivos suporta o acoplador ac\u00fastico TTD<\/td>\n<\/tr>\n<tr>\n<td>Exibi\u00e7\u00e3o<\/td>\n<td>Visor monocrom\u00e1tico &#8211; 3,2 polegadas x 2,2 polegadas (8,2 cm x 5,5 cm)<\/td>\n<\/tr>\n<tr>\n<td>Controles de volume<\/td>\n<td>Configura\u00e7\u00f5es de volume para o monofone, alto-falante alto<\/td>\n<\/tr>\n<tr>\n<td>Cord\u00e3o de linha<\/td>\n<td>RJ-45 patch lead &#8211;\u00a0N\u00e3o fornecido<\/td>\n<\/tr>\n<tr>\n<td>N\u00famero de pe\u00e7a do fabricante<\/td>\n<td>700505424<\/td>\n<\/tr>\n<tr>\n<td>Poder<\/td>\n<td>Alimenta\u00e7\u00e3o atrav\u00e9s do POE ou da fonte de alimenta\u00e7\u00e3o &#8211;\u00a0selecione de Extras<\/td>\n<\/tr>\n<\/tbody>\n<\/table>\n","protected":false},"excerpt":{"rendered":"<p class=\"excerpt\">O Avaya 700505424 \u00e9 um telefone baseado em IP para sistemas de telefone Avaya IP e Communication Manager.<\/p>\n<p class=\"excerpt\"><strong>Remanufaturado com garantia de 4 meses Movitronics.<\/strong><\/p>\n<p class=\"excerpt\">&nbsp;<\/p>\n","protected":false},"featured_media":1390,"comment_status":"open","ping_status":"closed","template":"","meta":[],"product_cat":[67,66],"product_tag":[68,70,74,69,72],"_links":{"self":[{"href":"https:\/\/movitronics.com.br\/store\/wp-json\/wp\/v2\/product\/1389"}],"collection":[{"href":"https:\/\/movitronics.com.br\/store\/wp-json\/wp\/v2\/product"}],"about":[{"href":"https:\/\/movitronics.com.br\/store\/wp-json\/wp\/v2\/types\/product"}],"replies":[{"embeddable":true,"href":"https:\/\/movitronics.com.br\/store\/wp-json\/wp\/v2\/comments?post=1389"}],"wp:featuredmedia":[{"embeddable":true,"href":"https:\/\/movitronics.com.br\/store\/wp-json\/wp\/v2\/media\/1390"}],"wp:attachment":[{"href":"https:\/\/movitronics.com.br\/store\/wp-json\/wp\/v2\/media?parent=1389"}],"wp:term":[{"taxonomy":"product_cat","embeddable":true,"href":"https:\/\/movitronics.com.br\/store\/wp-json\/wp\/v2\/product_cat?post=1389"},{"taxonomy":"product_tag","embeddable":true,"href":"https:\/\/movitronics.com.br\/store\/wp-json\/wp\/v2\/product_tag?post=1389"}],"curies":[{"name":"wp","href":"https:\/\/api.w.org\/{rel}","templated":true}]}}