{"id":1469,"date":"2018-06-03T15:13:18","date_gmt":"2018-06-03T18:13:18","guid":{"rendered":"https:\/\/movitronics.com.br\/store\/?post_type=product&#038;p=1469"},"modified":"2018-12-12T09:30:19","modified_gmt":"2018-12-12T11:30:19","slug":"switch-montavel-em-rack-de-24-portas-10-100mbps-2-portas-gigabit","status":"publish","type":"product","link":"https:\/\/movitronics.com.br\/store\/loja\/redes-e-telecom\/switch-montavel-em-rack-de-24-portas-10-100mbps-2-portas-gigabit\/","title":{"rendered":"Switch Mont\u00e1vel em Rack de 24 Portas 10\/100Mbps + 2 Portas Gigabit"},"content":{"rendered":"<ul>\n<li>24 portas RJ45 de 10\/100Mbps + 2 Portas Gigabit 10\/100\/1000Mbps<\/li>\n<li>A tecnologia Green Ethernet economiza at\u00e9 60% de energia<\/li>\n<li>Suporta auto-learning de endere\u00e7o MAC e Auto MDI\/MDIX<\/li>\n<li>Case de a\u00e7o padr\u00e3o mont\u00e1vel em rack de 19 polegadas\n<div class=\"overview-article bg-gray\">\n<div class=\"container width-960px padding-default\">\n<h3>O que este produto faz?<\/h3>\n<div>O TL-SL1226 com a Green Technology da TP-LINK \u00e9 uma escolha ecologicamente correta uma escolha competitiva para pequenos neg\u00f3cios. Oferece 24 portas de 10\/100Mbps RJ45 e 2 portas uplink gigabit, e todas as portas RJ45 suportam Auto-MDI\/MDIX. O TL-SL1226 possui um desempenho de custo-benef\u00edcio elevado, alta performance, initerrupto e fluente no que diz respeito \u00e0 solu\u00e7\u00f5es Gigabit. Al\u00e9m disso, com a tecnologia inovadora de energia eficiente, o TL-SL1226 pode conservar at\u00e9 60%* do consumo de pot\u00eancia e 80% do material de empacotamento pode ser reciclado, tornando-o uma solu\u00e7\u00e3o ecologicamente correta para a rede de seus neg\u00f3cios.<\/div>\n<div>* A economia m\u00e1xima de energia quando comparada a um switch convencional da TP-LINK, pode variar de acordo com a condi\u00e7\u00e3o de uso.<\/div>\n<\/div>\n<\/div>\n<div class=\"overview-article\">\n<div class=\"container width-960px padding-default\">\n<h3>Green Technology da TP-LINK<\/h3>\n<div>O Switch de nova gera\u00e7\u00e3o TL-SG1226 possui as tecnologias mais recentes na efici\u00eancia de energia que podem expandir a capacidade de sua rede com muito menos energia. Ajusta automaticamente o consumo de pot\u00eancia de acordo com o status da conex\u00e3o e o comprimento de cabo para reduzir a pegada de carbono da sua rede. Cumpre tamb\u00e9m com o padr\u00e3o EU&#8217;S RoHS, que proibe o uso de determinados materiais perigosos. Al\u00e9m disso, 80% do material da embalagem pode ser reciclado.<\/div>\n<\/div>\n<\/div>\n<div class=\"overview-article bg-gray\">\n<div class=\"container width-960px padding-default\">\n<h3>Alto Desempenho<\/h3>\n<div>O TL-SL1226 tem 24 portas Fast Ethernet e 2 portas Gigabit Uplink. A porta uplink gigabit oferece largura de banda at\u00e9 1000Mbps que podem transferir grandes arquivos e tamb\u00e9m \u00e9 compat\u00edvel com dispositivos Ethernet 10Mbps e 100Mbps. Caracterizado com a arquitetura non-blocking de switching, o TL-SL1226 envia e filtra pacotes em m\u00e1xima velocidade de transfer\u00eancia. O padr\u00e3o de controle de fluxo IEEE 802.3x para Full Duplex e Half Duplex ameniza o congestionamento e torna o trabalho do TL-SL1226 mais confi\u00e1vel. \u00c9 uma escolha perfeita para quem quer atualizar sua rede para Gigabit e proteger seu investimento anterior ao mesmo tempo.<\/div>\n<\/div>\n<\/div>\n<div class=\"overview-article\">\n<div class=\"container width-960px padding-default\">\n<h3>F\u00e1cil de Utilizar<\/h3>\n<div>As caracter\u00edsticas autom\u00e1ticas deste Switch tornam a instala\u00e7\u00e3o Plug and Play simples e sem complica\u00e7\u00f5es. Nenhuma configura\u00e7\u00e3o \u00e9 necess\u00e1ria. o Auto MDI\/MDIX elimina a necessidade de de cabos cruzados. A Autonegocia\u00e7\u00e3o em cada porta detecta a velocidade do link de um dispositivo da rede (10, 100 e 1000 Mbps) e ajusta-a de forma inteligente para compatibilidade e desempenho.<\/div>\n<div><\/div>\n<div>* A economia m\u00e1xima de energia quando comparada a um switch convencional da TP-LINK, pode variar de acordo com a condi\u00e7\u00e3o de uso.<\/div>\n<\/div>\n<\/div>\n<\/li>\n<\/ul>\n","protected":false},"excerpt":{"rendered":"<div>O TL-SL1226 com a Green Technology da TP-LINK \u00e9 uma escolha ecologicamente correta uma escolha competitiva para pequenos neg\u00f3cios. Oferece 24 portas de 10\/100Mbps RJ45 e 2 portas uplink gigabit, e todas as portas RJ45 suportam Auto-MDI\/MDIX. O TL-SL1226 possui um desempenho de custo-benef\u00edcio elevado, alta performance, initerrupto e fluente no que diz respeito \u00e0 solu\u00e7\u00f5es Gigabit. Al\u00e9m disso, com a tecnologia inovadora de energia eficiente, o TL-SL1226 pode conservar at\u00e9 60%* do consumo de pot\u00eancia e 80% do material de empacotamento pode ser reciclado, tornando-o uma solu\u00e7\u00e3o ecologicamente correta para a rede de seus neg\u00f3cios.<\/div>\n<div>* A economia m\u00e1xima de energia quando comparada a um switch convencional da TP-LINK, pode variar de acordo com a condi\u00e7\u00e3o de uso.<\/div>\n","protected":false},"featured_media":1471,"comment_status":"open","ping_status":"closed","template":"","meta":[],"product_cat":[66],"product_tag":[],"_links":{"self":[{"href":"https:\/\/movitronics.com.br\/store\/wp-json\/wp\/v2\/product\/1469"}],"collection":[{"href":"https:\/\/movitronics.com.br\/store\/wp-json\/wp\/v2\/product"}],"about":[{"href":"https:\/\/movitronics.com.br\/store\/wp-json\/wp\/v2\/types\/product"}],"replies":[{"embeddable":true,"href":"https:\/\/movitronics.com.br\/store\/wp-json\/wp\/v2\/comments?post=1469"}],"wp:featuredmedia":[{"embeddable":true,"href":"https:\/\/movitronics.com.br\/store\/wp-json\/wp\/v2\/media\/1471"}],"wp:attachment":[{"href":"https:\/\/movitronics.com.br\/store\/wp-json\/wp\/v2\/media?parent=1469"}],"wp:term":[{"taxonomy":"product_cat","embeddable":true,"href":"https:\/\/movitronics.com.br\/store\/wp-json\/wp\/v2\/product_cat?post=1469"},{"taxonomy":"product_tag","embeddable":true,"href":"https:\/\/movitronics.com.br\/store\/wp-json\/wp\/v2\/product_tag?post=1469"}],"curies":[{"name":"wp","href":"https:\/\/api.w.org\/{rel}","templated":true}]}}