{"id":1627,"date":"2020-10-26T14:58:08","date_gmt":"2020-10-26T17:58:08","guid":{"rendered":"https:\/\/movitronics.com.br\/store\/?post_type=product&#038;p=1627"},"modified":"2020-10-26T15:25:38","modified_gmt":"2020-10-26T18:25:38","slug":"switch-cisco-ws-c3750x-48t-s-10g-seminovo","status":"publish","type":"product","link":"https:\/\/movitronics.com.br\/store\/loja\/redes-e-telecom\/switch\/switch-cisco-ws-c3750x-48t-s-10g-seminovo\/","title":{"rendered":"SWITCH CISCO WS-C3750X-48T-S 10G SEMINOVO"},"content":{"rendered":"<div id=\"attachment_1628\" style=\"width: 310px\" class=\"wp-caption alignnone\"><img aria-describedby=\"caption-attachment-1628\" decoding=\"async\" loading=\"lazy\" class=\"wp-image-1628 size-medium\" src=\"https:\/\/movitronics.com.br\/store\/wp-content\/uploads\/2020\/10\/ws_c3750x_48t_s_24771_m-300x300.jpg\" alt=\"\" width=\"300\" height=\"300\" srcset=\"https:\/\/movitronics.com.br\/store\/wp-content\/uploads\/2020\/10\/ws_c3750x_48t_s_24771_m-300x300.jpg 300w, https:\/\/movitronics.com.br\/store\/wp-content\/uploads\/2020\/10\/ws_c3750x_48t_s_24771_m-100x100.jpg 100w, https:\/\/movitronics.com.br\/store\/wp-content\/uploads\/2020\/10\/ws_c3750x_48t_s_24771_m-150x150.jpg 150w, https:\/\/movitronics.com.br\/store\/wp-content\/uploads\/2020\/10\/ws_c3750x_48t_s_24771_m.jpg 390w\" sizes=\"(max-width: 300px) 100vw, 300px\" \/><p id=\"caption-attachment-1628\" class=\"wp-caption-text\">Foto meramente ilustrativa<\/p><\/div>\n<p><strong>Especifica\u00e7\u00f5es:<\/strong><\/p>\n<p>Cisco Catalyst 3750-X e 3560-X Series caracter\u00edsticas principais:<br \/>\n&#8211; 24 e 48 10\/100\/1000 PoE +, n\u00e3o-PoE modelos, e 12 e 24 modelos de portas GE SFP<br \/>\n&#8211; 24 e 48 modelos 10\/100\/1000 UPOE-capazes e com Energy Efficient Ethernet suporte (EEE)<br \/>\n&#8211; Quatro m\u00f3dulos de rede uplink opcionais com portas 10GE ??GE ou primeira + com 30W de pot\u00eancia em todas as portas em 1 unidade de rack fator de forma Ind\u00fastria PoE (RU)<br \/>\n&#8211; Dupla redundantes, fontes de alimenta\u00e7\u00e3o modulares e f\u00e3s<br \/>\n&#8211; Media Access Control Seguran\u00e7a criptografia baseada em hardware (MACsec)<br \/>\n&#8211; NetFlow flex\u00edvel e criptografia switch-to-chave de hardware com o uplink M\u00f3dulo de Servi\u00e7o<br \/>\n&#8211; Open Shortest Path First (OSPF) para acesso roteado imagem Base de dados de IP no<br \/>\n&#8211; Recursos IPv4 e IPv6 roteamento, roteamento Multicast, qualidade avan\u00e7ada de servi\u00e7o (QoS) e seguran\u00e7a em hardware<br \/>\n&#8211; Refor\u00e7ada garantia vital\u00edcia limitada (LLW) com dia \u00fatil seguinte (NBD) substitui\u00e7\u00e3o de hardware anteced\u00eancia e 90 dia de acesso ao Centro de Assist\u00eancia T\u00e9cnica Cisco suporte (TAC)<br \/>\n&#8211; Refor\u00e7ada Cisco EnergyWise para otimiza\u00e7\u00e3o de custos operacionais atrav\u00e9s da medi\u00e7\u00e3o do consumo de energia real dos dispositivos PoE, relatando, e reduzindo o consumo de energia em toda a rede<br \/>\n&#8211; Portas USB tipo A e tipo B para armazenamento e consola, respectivamente, e uma porta de gerenciamento Ethernet out-of-band<\/p>\n<p>Al\u00e9m das caracter\u00edsticas acima, os Switches Cisco Catalyst 3750-X tamb\u00e9m oferecem:<br \/>\n&#8211; Cisco StackPower !22 tecnologia: Uma caracter\u00edstica inovadora e ind\u00fastria em primeiro lugar para a partilha de poder entre os membros da pilha<br \/>\n&#8211; A tecnologia Cisco StackWise Plus para facilidade de uso e resili\u00eancia com 64 Gbps de throughput<br \/>\n&#8211; Prote\u00e7\u00e3o do investimento com compatibilidade com todos os outros modelos da Cisco Catalyst 3750 Series Switches.<\/p>\n<p>Cisco Catalyst 3750-X e 3560-X Software Serie:<br \/>\nAl\u00e9m de Base de IP e servi\u00e7os IP conjuntos de recursos, o Cisco Catalyst 3750-X e 3560-X Series v\u00eam com um novo conjunto de recursos LAN Base. Os conjuntos de tr\u00eas caracter\u00edsticas dispon\u00edveis com todos os 3750-X e 3560-X Series<\/p>\n<p>Switches Cisco Catalyst s\u00e3o:<br \/>\n&#8211; LAN Base: acesso empresarial da camada 2 recursos de switching<br \/>\n&#8211; Base de IP: acesso \u00e0 camada caracter\u00edsticas 3 comuta\u00e7\u00e3o empresa de linha de base<br \/>\n&#8211; Servi\u00e7os IP: avan\u00e7ado de comuta\u00e7\u00e3o Layer 3 caracter\u00edsticas (IPv4 e IPv6)<\/p>\n","protected":false},"excerpt":{"rendered":"<p class=\"excerpt\">Especifica\u00e7\u00f5es: Cisco Catalyst 3750-X e 3560-X Series caracter\u00edsticas principais: &#8211; 24 e 48 10\/100\/1000 PoE +, n\u00e3o-PoE modelos, e 12 e 24 modelos de portas GE SFP &#8211; 24 e 48 modelos 10\/100\/1000 UPOE-capazes e com Energy Efficient Ethernet suporte (EEE) &#8211; Quatro m\u00f3dulos de rede uplink opcionais com portas 10GE ??GE ou primeira + [&hellip;]<\/p>\n","protected":false},"featured_media":1628,"comment_status":"closed","ping_status":"closed","template":"","meta":[],"product_cat":[80,76],"product_tag":[87,85,77],"_links":{"self":[{"href":"https:\/\/movitronics.com.br\/store\/wp-json\/wp\/v2\/product\/1627"}],"collection":[{"href":"https:\/\/movitronics.com.br\/store\/wp-json\/wp\/v2\/product"}],"about":[{"href":"https:\/\/movitronics.com.br\/store\/wp-json\/wp\/v2\/types\/product"}],"replies":[{"embeddable":true,"href":"https:\/\/movitronics.com.br\/store\/wp-json\/wp\/v2\/comments?post=1627"}],"wp:featuredmedia":[{"embeddable":true,"href":"https:\/\/movitronics.com.br\/store\/wp-json\/wp\/v2\/media\/1628"}],"wp:attachment":[{"href":"https:\/\/movitronics.com.br\/store\/wp-json\/wp\/v2\/media?parent=1627"}],"wp:term":[{"taxonomy":"product_cat","embeddable":true,"href":"https:\/\/movitronics.com.br\/store\/wp-json\/wp\/v2\/product_cat?post=1627"},{"taxonomy":"product_tag","embeddable":true,"href":"https:\/\/movitronics.com.br\/store\/wp-json\/wp\/v2\/product_tag?post=1627"}],"curies":[{"name":"wp","href":"https:\/\/api.w.org\/{rel}","templated":true}]}}