{"id":1818,"date":"2021-07-06T14:53:31","date_gmt":"2021-07-06T17:53:31","guid":{"rendered":"https:\/\/movitronics.com.br\/store\/?post_type=product&#038;p=1818"},"modified":"2023-11-13T18:39:50","modified_gmt":"2023-11-13T21:39:50","slug":"gabinete-de-carregamento-universal-127v","status":"publish","type":"product","link":"https:\/\/movitronics.com.br\/store\/loja\/informatica\/carregadores\/gabinete-de-carregamento-universal-127v\/","title":{"rendered":"Gabinete de Carregamento Universal &#8211; 127V"},"content":{"rendered":"<ul>\n<li>&#8211; Suporta at\u00e9 12 dispositivos para carregamento e armazenamento em seguran\u00e7a.<\/li>\n<li>&#8211; Compat\u00edvel com dispositivos de at\u00e9 14\u201d, incluindo Chromebook\u2122, Surface\u2122, Surface\u2122 Pro, MacBook Air\u00ae, iPad\u00ae, Galaxy\u00ae Tab, notebook ou outros dispositivos.<\/li>\n<li>&#8211; Possui porta resistente a viola\u00e7\u00f5es e gavetas deslizantes.<\/li>\n<li>&#8211; Quatro rodas permitem f\u00e1cil transporte, sendo as rodas dianteiras com trava.<\/li>\n<li>&#8211; Filtro de linha para o cabo de energia de cada dispositivo.<\/li>\n<\/ul>\n<p><small><br \/>\nA <strong>Movitronics<\/strong> \u00e9 uma empresa distribuidora de <strong>Gabinetes de Carregamento<\/strong>.<br \/>\nSomos representantes da Kensington no Brasil, empresa l\u00edder internacional no segmento de perif\u00e9ricos de inform\u00e1tica.<br \/>\nPossu\u00edmos diversos modelos de <strong>Gabinetes<\/strong>.<br \/>\nSomos fornecedores de produtos de inform\u00e1tica e trabalhamos exclusivamente com vendas corporativas.<br \/>\nSe sua empresa est\u00e1 procurando produtos de inform\u00e1tica como <strong>Gabinetes<\/strong>, Teclados, Gabinetes, Mouses, Travas e cadeados ou demais perif\u00e9ricos voc\u00ea pode consultar os produtos em nosso site ou solicitar um cat\u00e1logo completo.<br \/>\n<\/small><\/p>\n","protected":false},"excerpt":{"rendered":"<p class=\"excerpt\">&#8211; Suporta at\u00e9 12 dispositivos para carregamento e armazenamento em seguran\u00e7a. &#8211; Compat\u00edvel com dispositivos de at\u00e9 14\u201d, incluindo Chromebook\u2122, Surface\u2122, Surface\u2122 Pro, MacBook Air\u00ae, iPad\u00ae, Galaxy\u00ae Tab, notebook ou outros dispositivos. &#8211; Possui porta resistente a viola\u00e7\u00f5es e gavetas deslizantes. &#8211; Quatro rodas permitem f\u00e1cil transporte, sendo as rodas dianteiras com trava. &#8211; Filtro [&hellip;]<\/p>\n","protected":false},"featured_media":1819,"comment_status":"closed","ping_status":"closed","template":"","meta":[],"product_cat":[108],"product_tag":[102],"_links":{"self":[{"href":"https:\/\/movitronics.com.br\/store\/wp-json\/wp\/v2\/product\/1818"}],"collection":[{"href":"https:\/\/movitronics.com.br\/store\/wp-json\/wp\/v2\/product"}],"about":[{"href":"https:\/\/movitronics.com.br\/store\/wp-json\/wp\/v2\/types\/product"}],"replies":[{"embeddable":true,"href":"https:\/\/movitronics.com.br\/store\/wp-json\/wp\/v2\/comments?post=1818"}],"wp:featuredmedia":[{"embeddable":true,"href":"https:\/\/movitronics.com.br\/store\/wp-json\/wp\/v2\/media\/1819"}],"wp:attachment":[{"href":"https:\/\/movitronics.com.br\/store\/wp-json\/wp\/v2\/media?parent=1818"}],"wp:term":[{"taxonomy":"product_cat","embeddable":true,"href":"https:\/\/movitronics.com.br\/store\/wp-json\/wp\/v2\/product_cat?post=1818"},{"taxonomy":"product_tag","embeddable":true,"href":"https:\/\/movitronics.com.br\/store\/wp-json\/wp\/v2\/product_tag?post=1818"}],"curies":[{"name":"wp","href":"https:\/\/api.w.org\/{rel}","templated":true}]}}