{"id":1830,"date":"2021-07-06T15:17:50","date_gmt":"2021-07-06T18:17:50","guid":{"rendered":"https:\/\/movitronics.com.br\/store\/?post_type=product&#038;p=1830"},"modified":"2023-11-13T18:39:33","modified_gmt":"2023-11-13T21:39:33","slug":"sd7000-docking-station-para-surface-pro","status":"publish","type":"product","link":"https:\/\/movitronics.com.br\/store\/loja\/informatica\/dock-stations\/sd7000-docking-station-para-surface-pro\/","title":{"rendered":"SD7000 Docking Station para Surface Pro"},"content":{"rendered":"<p>A SD7000 Docking Station para Surface Pro permite expandir a funcionalidade do seu Surface Pro j\u00e1 que \u00e9 poss\u00edvel incluir dois monitores externos, conect\u00e1-lo a uma rede com fio e a seus acess\u00f3rios USB favoritos, al\u00e9m de permitir que dispositivo seja posicionado na vertical como um monitor ou em modo studio, em um \u00e2ngulo perfeito para pintar, desenhar e editar fotos. Compacta e com design inovador, ainda conta com armazenamento magn\u00e9tico para a Surface Pen, deixando-a sempre em m\u00e3os. O dispositivo possui 5 portas USB, sendo 4 portas USB 3.0 (de at\u00e9 5Gbps, 5V\/0.9A) e 1 porta SB-C para sincroniza\u00e7\u00e3o de dados (de at\u00e9 5Gbps para dados somente, 5V\/3A), al\u00e9m de 1 porta HDMI v2.0, 1 DisplayPort v1.2++ e Porta Gigabit Ethernet para conex\u00e3o de rede. A m\u00e1xima resolu\u00e7\u00e3o suportada \u00e9 de 1 monitor 4k (3840 x 2160) &#8211; 60Hz ou 2 monitores 4k (3840 x 2160) &#8211; 30Hz.<\/p>\n<ul>\n<li>&#8211; \u00c9 poss\u00edvel incluir dois monitores externos ao seu Surface, conect\u00e1-lo a uma rede com fio e a seus acess\u00f3rios USB favoritos.<\/li>\n<li>&#8211; Resolu\u00e7\u00e3o 4K Ultra HD (3840 x 2160) para 1 monitor 4k &#8211; 60Hz ou 2 monitores 4k &#8211; 30Hz (3840 x 2160).<\/li>\n<li>&#8211; Portas USB: 4 portas USB 3.0 (de at\u00e9 5Gbps, 5V\/0.9A) e 1 porta USB-C para sincroniza\u00e7\u00e3o de dados (de at\u00e9 5Gbps para dados somente, 5V\/3A).<\/li>\n<li>&#8211; Outras conex\u00f5es: 1 porta HDMI v2.0, 1 DisplayPort v1.2++ e Porta Gigabit Ethernet para conex\u00e3o de rede.<\/li>\n<li>&#8211; Permite que o Surface seja posicionado na vertical como um monitor ou em modo studio, em um \u00e2ngulo perfeito para pintar, desenhar e editar fotos.<\/li>\n<li>&#8211; Conta com armazenamento magn\u00e9tico para a Surface Pen.<\/li>\n<li>&#8211; Compatibilidade: Surface Pro (5 gera\u00e7\u00e3o), Surface Pro 4, Surface Pro 6,Surface Pro 7,Surface Pro 7+<\/li>\n<\/ul>\n<p><small>A <strong>Movitronics<\/strong> \u00e9 uma empresa distribuidora de <strong>Docking Station Universal<\/strong>.<br \/>\nSomos representantes da Kensington no Brasil, empresa l\u00edder internacional no segmento de perif\u00e9ricos de inform\u00e1tica.<br \/>\nPossu\u00edmos diversos modelos de <strong>Docking Station Universal <\/strong>.<br \/>\nSomos fornecedores de produtos de inform\u00e1tica e trabalhamos exclusivamente com vendas corporativas.<br \/>\nSe sua empresa est\u00e1 procurando produtos de inform\u00e1tica como <strong>Docking Station Universal<\/strong>, travas para notebook, Mouses ou demais perif\u00e9ricos voc\u00ea pode consultar os produtos em nosso site ou solicitar um cat\u00e1logo completo.<br \/>\n<\/small><\/p>\n","protected":false},"excerpt":{"rendered":"<p class=\"excerpt\">A SD7000 Docking Station para Surface Pro permite expandir a funcionalidade do seu Surface Pro j\u00e1 que \u00e9 poss\u00edvel incluir dois monitores externos, conect\u00e1-lo a uma rede com fio e a seus acess\u00f3rios USB favoritos, al\u00e9m de permitir que dispositivo seja posicionado na vertical como um monitor ou em modo studio, em um \u00e2ngulo perfeito [&hellip;]<\/p>\n","protected":false},"featured_media":1831,"comment_status":"closed","ping_status":"closed","template":"","meta":[],"product_cat":[103,98],"product_tag":[102],"_links":{"self":[{"href":"https:\/\/movitronics.com.br\/store\/wp-json\/wp\/v2\/product\/1830"}],"collection":[{"href":"https:\/\/movitronics.com.br\/store\/wp-json\/wp\/v2\/product"}],"about":[{"href":"https:\/\/movitronics.com.br\/store\/wp-json\/wp\/v2\/types\/product"}],"replies":[{"embeddable":true,"href":"https:\/\/movitronics.com.br\/store\/wp-json\/wp\/v2\/comments?post=1830"}],"wp:featuredmedia":[{"embeddable":true,"href":"https:\/\/movitronics.com.br\/store\/wp-json\/wp\/v2\/media\/1831"}],"wp:attachment":[{"href":"https:\/\/movitronics.com.br\/store\/wp-json\/wp\/v2\/media?parent=1830"}],"wp:term":[{"taxonomy":"product_cat","embeddable":true,"href":"https:\/\/movitronics.com.br\/store\/wp-json\/wp\/v2\/product_cat?post=1830"},{"taxonomy":"product_tag","embeddable":true,"href":"https:\/\/movitronics.com.br\/store\/wp-json\/wp\/v2\/product_tag?post=1830"}],"curies":[{"name":"wp","href":"https:\/\/api.w.org\/{rel}","templated":true}]}}