{"id":1832,"date":"2021-07-06T15:22:07","date_gmt":"2021-07-06T18:22:07","guid":{"rendered":"https:\/\/movitronics.com.br\/store\/?post_type=product&#038;p=1832"},"modified":"2023-11-13T18:39:00","modified_gmt":"2023-11-13T21:39:00","slug":"sd4800p-docking-station-universal-usb-c-triple-video-com-carregador","status":"publish","type":"product","link":"https:\/\/movitronics.com.br\/store\/loja\/informatica\/dock-stations\/sd4800p-docking-station-universal-usb-c-triple-video-com-carregador\/","title":{"rendered":"SD4800P Docking Station Universal USB-C Triple Video com Carregador"},"content":{"rendered":"<p>Em um \u00fanico cabo, a porta USB-C funciona como fonte de energia e transfer\u00eancia de \u00e1udio, v\u00eddeo e dados de velocidade de at\u00e9 10Gpbs, al\u00e9m de possibilitar conex\u00e3o de at\u00e9 3 monitores. A SD4800P \u00e9 uma solu\u00e7\u00e3o completa para designers gr\u00e1ficos e web, produtores de anima\u00e7\u00e3o, engenheiros, analistas financeiros, entre outros ambientes que exigem trabalho multitarefa. Tecnologia Plug &amp; Play: utiliza\u00e7\u00e3o sem a necessidade de download de driver de instala\u00e7\u00e3o. Compatibilidade: Notebooks com Windows 7 ou superior equipados com USB-C.<\/p>\n<p>&#8211; Em um \u00fanico cabo, a porta USB-C funciona como fonte de energia e transfer\u00eancia de \u00e1udio, v\u00eddeo e dados de velocidade de at\u00e9 10Gpbs, al\u00e9m de possibilitar conex\u00e3o de at\u00e9 3 monitores.<br \/>\n&#8211; M\u00e1xima resolu\u00e7\u00e3o suportada: 1 monitor 4k (3840 x 2160) &#8211; 30Hz; ou 2 monitores Full HD (1920 x 1080) &#8211; 60Hz; ou 3 monitores UXGA (1600 x 900) &#8211; 60Hz.<br \/>\n&#8211; Tecnologia Plug &amp; Play: utiliza\u00e7\u00e3o sem a necessidade de download de driver de instala\u00e7\u00e3o.<br \/>\n&#8211; Conex\u00f5es: uma porta USB-C 3.1 Gen2 (como fonte de energia e transfer\u00eancia de dados &#8211; at\u00e9 5V\/3A\/10Gbps), uma porta USB-A 3.1 Gen2 (at\u00e9 5V\/2.4A\/10Gbps) e 4 portas traseiras USB 3.0 (at\u00e9 5V\/0.9A\/5Gbps).<br \/>\n&#8211; Fornece conex\u00e3o de rede com uma porta Gigabit Ethernet.<br \/>\n&#8211; Possui Kensington Security Slot\u2122 para fixar travas de seguran\u00e7a.<br \/>\n&#8211; Montagem sem ocupar espa\u00e7o permite que a montagem no verso de um monitor com suporte VESA (vendido separadamente).<br \/>\n&#8211; Compatibilidade: Notebooks com Windows 7 ou superior equipados com USB-C.<\/p>\n<p><small><br \/>\nA <strong>Movitronics<\/strong> \u00e9 uma empresa distribuidora de <strong>Docking Station Universal<\/strong>.<br \/>\nSomos representantes da Kensington no Brasil, empresa l\u00edder internacional no segmento de perif\u00e9ricos de inform\u00e1tica.<br \/>\nPossu\u00edmos diversos modelos de <strong>Docking Station Universal <\/strong>.<br \/>\nSomos fornecedores de produtos de inform\u00e1tica e trabalhamos exclusivamente com vendas corporativas.<br \/>\nSe sua empresa est\u00e1 procurando produtos de inform\u00e1tica como <strong>Docking Station Universal<\/strong>, travas para notebook, Mouses ou demais perif\u00e9ricos voc\u00ea pode consultar os produtos em nosso site ou solicitar um cat\u00e1logo completo.<br \/>\n<\/small><\/p>\n","protected":false},"excerpt":{"rendered":"<p class=\"excerpt\">Em um \u00fanico cabo, a porta USB-C funciona como fonte de energia e transfer\u00eancia de \u00e1udio, v\u00eddeo e dados de velocidade de at\u00e9 10Gpbs, al\u00e9m de possibilitar conex\u00e3o de at\u00e9 3 monitores. A SD4800P \u00e9 uma solu\u00e7\u00e3o completa para designers gr\u00e1ficos e web, produtores de anima\u00e7\u00e3o, engenheiros, analistas financeiros, entre outros ambientes que exigem trabalho [&hellip;]<\/p>\n","protected":false},"featured_media":1834,"comment_status":"closed","ping_status":"closed","template":"","meta":[],"product_cat":[103,98],"product_tag":[102],"_links":{"self":[{"href":"https:\/\/movitronics.com.br\/store\/wp-json\/wp\/v2\/product\/1832"}],"collection":[{"href":"https:\/\/movitronics.com.br\/store\/wp-json\/wp\/v2\/product"}],"about":[{"href":"https:\/\/movitronics.com.br\/store\/wp-json\/wp\/v2\/types\/product"}],"replies":[{"embeddable":true,"href":"https:\/\/movitronics.com.br\/store\/wp-json\/wp\/v2\/comments?post=1832"}],"wp:featuredmedia":[{"embeddable":true,"href":"https:\/\/movitronics.com.br\/store\/wp-json\/wp\/v2\/media\/1834"}],"wp:attachment":[{"href":"https:\/\/movitronics.com.br\/store\/wp-json\/wp\/v2\/media?parent=1832"}],"wp:term":[{"taxonomy":"product_cat","embeddable":true,"href":"https:\/\/movitronics.com.br\/store\/wp-json\/wp\/v2\/product_cat?post=1832"},{"taxonomy":"product_tag","embeddable":true,"href":"https:\/\/movitronics.com.br\/store\/wp-json\/wp\/v2\/product_tag?post=1832"}],"curies":[{"name":"wp","href":"https:\/\/api.w.org\/{rel}","templated":true}]}}