{"id":1857,"date":"2021-07-06T16:09:36","date_gmt":"2021-07-06T19:09:36","guid":{"rendered":"https:\/\/movitronics.com.br\/store\/?post_type=product&#038;p=1857"},"modified":"2023-11-13T18:30:24","modified_gmt":"2023-11-13T21:30:24","slug":"sd4750p-docking-station-universal-usb-c-usb-3-0-com-carregador","status":"publish","type":"product","link":"https:\/\/movitronics.com.br\/store\/loja\/informatica\/dock-stations\/sd4750p-docking-station-universal-usb-c-usb-3-0-com-carregador\/","title":{"rendered":"SD4750P Docking Station Universal USB-C &#038; USB 3.0 com Carregador"},"content":{"rendered":"<p>A SD4750P Docking Station Universal USB-C &amp; USB 3.0 com Carregado \u00e9 a solu\u00e7\u00e3o de acoplamento ideal para v\u00eddeos de alta defini\u00e7\u00e3o para at\u00e9 dois monitores 4K 60Hz. Seus recursos incluem capacidade de selecionar entre portas de v\u00eddeo HDMI 2.0 e DP 1.2, 85W de fornecimento de energia e seis portas USB.<\/p>\n<ul>\n<li>&#8211; Solu\u00e7\u00e3o ideal para imagens de alta resolu\u00e7\u00e3o<\/li>\n<li>&#8211; Permite o acoplamento de at\u00e9 dois monitores 4k @60Hz.<\/li>\n<li>&#8211; Tecnologia de conex\u00e3o: USB-C ou USB 3.0 (DisplayLink).<\/li>\n<li>&#8211; Fornecimento de energia: Suporta USB-C PD 3.0 (85W de carregamento do laptop).<\/li>\n<li>&#8211; Portas de v\u00eddeo: 2 x HDMI v2.0 e 2 x DisplayPort 1.2 ++.<\/li>\n<li>&#8211; Necess\u00e1ria a instala\u00e7\u00e3o do driver DisplayLink.<\/li>\n<\/ul>\n<p><small><br \/>\nA <strong>Movitronics<\/strong> \u00e9 uma empresa distribuidora de <strong>Docking Station Universal<\/strong>.<br \/>\nSomos representantes da Kensington no Brasil, empresa l\u00edder internacional no segmento de perif\u00e9ricos de inform\u00e1tica.<br \/>\nPossu\u00edmos diversos modelos de <strong>Docking Station Universal <\/strong>.<br \/>\nSomos fornecedores de produtos de inform\u00e1tica e trabalhamos exclusivamente com vendas corporativas.<br \/>\nSe sua empresa est\u00e1 procurando produtos de inform\u00e1tica como <strong>Docking Station Universal<\/strong>, travas para notebook, Mouses ou demais perif\u00e9ricos voc\u00ea pode consultar os produtos em nosso site ou solicitar um cat\u00e1logo completo.<br \/>\n<\/small><\/p>\n","protected":false},"excerpt":{"rendered":"<p class=\"excerpt\">A SD4750P Docking Station Universal USB-C &amp; USB 3.0 com Carregado \u00e9 a solu\u00e7\u00e3o de acoplamento ideal para v\u00eddeos de alta defini\u00e7\u00e3o para at\u00e9 dois monitores 4K 60Hz. Seus recursos incluem capacidade de selecionar entre portas de v\u00eddeo HDMI 2.0 e DP 1.2, 85W de fornecimento de energia e seis portas USB. &#8211; Solu\u00e7\u00e3o ideal [&hellip;]<\/p>\n","protected":false},"featured_media":1858,"comment_status":"closed","ping_status":"closed","template":"","meta":[],"product_cat":[108,103],"product_tag":[102],"_links":{"self":[{"href":"https:\/\/movitronics.com.br\/store\/wp-json\/wp\/v2\/product\/1857"}],"collection":[{"href":"https:\/\/movitronics.com.br\/store\/wp-json\/wp\/v2\/product"}],"about":[{"href":"https:\/\/movitronics.com.br\/store\/wp-json\/wp\/v2\/types\/product"}],"replies":[{"embeddable":true,"href":"https:\/\/movitronics.com.br\/store\/wp-json\/wp\/v2\/comments?post=1857"}],"wp:featuredmedia":[{"embeddable":true,"href":"https:\/\/movitronics.com.br\/store\/wp-json\/wp\/v2\/media\/1858"}],"wp:attachment":[{"href":"https:\/\/movitronics.com.br\/store\/wp-json\/wp\/v2\/media?parent=1857"}],"wp:term":[{"taxonomy":"product_cat","embeddable":true,"href":"https:\/\/movitronics.com.br\/store\/wp-json\/wp\/v2\/product_cat?post=1857"},{"taxonomy":"product_tag","embeddable":true,"href":"https:\/\/movitronics.com.br\/store\/wp-json\/wp\/v2\/product_tag?post=1857"}],"curies":[{"name":"wp","href":"https:\/\/api.w.org\/{rel}","templated":true}]}}