{"id":1862,"date":"2021-07-06T16:49:34","date_gmt":"2021-07-06T19:49:34","guid":{"rendered":"https:\/\/movitronics.com.br\/store\/?post_type=product&#038;p=1862"},"modified":"2023-11-13T18:30:14","modified_gmt":"2023-11-13T21:30:14","slug":"sd3600-docking-station-universal-usb-3-0","status":"publish","type":"product","link":"https:\/\/movitronics.com.br\/store\/loja\/informatica\/dock-stations\/sd3600-docking-station-universal-usb-3-0\/","title":{"rendered":"SD3600 Docking Station Universal USB 3.0"},"content":{"rendered":"<p>Com a conveni\u00eancia de apenas um \u00fanico cabo em seu notebook, o Docking Station Universal SD3600 USB 3.0 se torna um hub central para todos os seus dispositivos como, mouse, teclado e monitores. Permitindo uma experi\u00eancia de um computador de mesa ao seu notebook, mas ainda possibilitando sua caracter\u00edstica port\u00e1til. V\u00eddeo HD Dual 1080p para monitor externo via HDMI, VGA ou DVI. Duas portas frontais USB 3.0 que suportam transfer\u00eancia de dados em alta velocidade de at\u00e9 5Gbps. Quatro portas traseiras USB 2.0 para perif\u00e9ricos. O Software de configura\u00e7\u00e3o de display permite que voc\u00ea fa\u00e7a mudan\u00e7as de acordo com as suas prefer\u00eancias. Conector para fone de ouvido e microfone com \u00e1udio 2.0 para melhor qualidade de som. Porta Gigabit Ethernet para conex\u00e3o de rede ou internet. Compat\u00edvel com Windows 10, 8.1, 8, 7.<\/p>\n<p>&#8211; V\u00eddeo HD Dual 1080p para monitor externo via HDMI, VGA ou DVI.<br \/>\n&#8211; Duas portas frontais USB 3.0 que suportam transfer\u00eancia de dados em alta velocidade de at\u00e9 5Gbps.<br \/>\n&#8211; Quatro portas traseiras USB 2.0 para acess\u00f3rios como teclado e mouse.<br \/>\n&#8211; Software de configura\u00e7\u00e3o de display que permite que voc\u00ea fa\u00e7a mudan\u00e7as facilmente de acordo com as suas prefer\u00eancias.<br \/>\n&#8211; Conector para fone de ouvido e microfone com \u00e1udio 2.0 para melhor qualidade de som.<br \/>\n&#8211; Porta Gigabit Ethernet para conex\u00e3o de rede ou internet.<br \/>\n&#8211; Placa de montagem VESA que permite que a esta\u00e7\u00e3o de conex\u00e3o seja retirada do desktop e colocada na parte traseira de um monitor externo (vendida separadamente).<br \/>\n&#8211; Compatibilidade: Windows 10\/8.1\/8\/7.<br \/>\nWarranty: 2 Years<\/p>\n<p><small><br \/>\nA <strong>Movitronics<\/strong> \u00e9 uma empresa distribuidora de <strong>Docking Station Universal<\/strong>.<br \/>\nSomos representantes da Kensington no Brasil, empresa l\u00edder internacional no segmento de perif\u00e9ricos de inform\u00e1tica.<br \/>\nPossu\u00edmos diversos modelos de <strong>Docking Station Universal <\/strong>.<br \/>\nSomos fornecedores de produtos de inform\u00e1tica e trabalhamos exclusivamente com vendas corporativas.<br \/>\nSe sua empresa est\u00e1 procurando produtos de inform\u00e1tica como <strong>Docking Station Universal<\/strong>, travas para notebook, Mouses ou demais perif\u00e9ricos voc\u00ea pode consultar os produtos em nosso site ou solicitar um cat\u00e1logo completo.<br \/>\n<\/small><\/p>\n","protected":false},"excerpt":{"rendered":"<p class=\"excerpt\">Com a conveni\u00eancia de apenas um \u00fanico cabo em seu notebook, o Docking Station Universal SD3600 USB 3.0 se torna um hub central para todos os seus dispositivos como, mouse, teclado e monitores. Permitindo uma experi\u00eancia de um computador de mesa ao seu notebook, mas ainda possibilitando sua caracter\u00edstica port\u00e1til. V\u00eddeo HD Dual 1080p para [&hellip;]<\/p>\n","protected":false},"featured_media":1863,"comment_status":"closed","ping_status":"closed","template":"","meta":[],"product_cat":[103],"product_tag":[102],"_links":{"self":[{"href":"https:\/\/movitronics.com.br\/store\/wp-json\/wp\/v2\/product\/1862"}],"collection":[{"href":"https:\/\/movitronics.com.br\/store\/wp-json\/wp\/v2\/product"}],"about":[{"href":"https:\/\/movitronics.com.br\/store\/wp-json\/wp\/v2\/types\/product"}],"replies":[{"embeddable":true,"href":"https:\/\/movitronics.com.br\/store\/wp-json\/wp\/v2\/comments?post=1862"}],"wp:featuredmedia":[{"embeddable":true,"href":"https:\/\/movitronics.com.br\/store\/wp-json\/wp\/v2\/media\/1863"}],"wp:attachment":[{"href":"https:\/\/movitronics.com.br\/store\/wp-json\/wp\/v2\/media?parent=1862"}],"wp:term":[{"taxonomy":"product_cat","embeddable":true,"href":"https:\/\/movitronics.com.br\/store\/wp-json\/wp\/v2\/product_cat?post=1862"},{"taxonomy":"product_tag","embeddable":true,"href":"https:\/\/movitronics.com.br\/store\/wp-json\/wp\/v2\/product_tag?post=1862"}],"curies":[{"name":"wp","href":"https:\/\/api.w.org\/{rel}","templated":true}]}}