{"id":1878,"date":"2021-07-07T09:40:55","date_gmt":"2021-07-07T12:40:55","guid":{"rendered":"https:\/\/movitronics.com.br\/store\/?post_type=product&#038;p=1878"},"modified":"2023-11-13T18:28:22","modified_gmt":"2023-11-13T21:28:22","slug":"pro-fit-mouse-sem-fio-tamanho-medio","status":"publish","type":"product","link":"https:\/\/movitronics.com.br\/store\/loja\/informatica\/mouses\/pro-fit-mouse-sem-fio-tamanho-medio\/","title":{"rendered":"Pro Fit\u00ae Mouse sem fio &#8211; Tamanho M\u00e9dio"},"content":{"rendered":"<p>&#8211; Design ergon\u00f4mico maximizando o conforto durante o uso prolongado.<br \/>\n&#8211; Bot\u00f5es de avan\u00e7ar e voltar para agilidade durante navega\u00e7\u00e3o na Web.<br \/>\n&#8211; Sensor \u00f3ptico de alta defini\u00e7\u00e3o proporciona um controle suave do cursor e um rastreamento preciso.<br \/>\n&#8211; Bot\u00e3o de sele\u00e7\u00e3o da velocidade do ponteiro permite ajustar o cursor entre 800 dpi e 1200 dpi.<br \/>\n&#8211; Pain\u00e9is laterais de borracha macia e bot\u00f5es contornados mant\u00eam conforto e ader\u00eancia.<br \/>\n&#8211; Plug and Play sem fio de 2.4 GHz para longo alcance e m\u00ednima interfer\u00eancia.<\/p>\n<p><small><br \/>\nA <strong>Movitronics<\/strong> \u00e9 uma empresa distribuidora de <strong>Mouses<\/strong>.<br \/>\nSomos representantes da Kensington no Brasil, empresa l\u00edder internacional no segmento de perif\u00e9ricos de inform\u00e1tica.<br \/>\nPossu\u00edmos diversos modelos de <strong>Mouses<\/strong>.<br \/>\nSomos fornecedores de produtos de inform\u00e1tica e trabalhamos exclusivamente com vendas corporativas.<br \/>\nSe sua empresa est\u00e1 procurando produtos de inform\u00e1tica como <strong>Mouses<\/strong>, travas para notebook, ou demais perif\u00e9ricos voc\u00ea pode consultar os produtos em nosso site ou solicitar um cat\u00e1logo completo.<br \/>\n<\/small><\/p>\n","protected":false},"excerpt":{"rendered":"<p class=\"excerpt\">&#8211; Design ergon\u00f4mico maximizando o conforto durante o uso prolongado. &#8211; Bot\u00f5es de avan\u00e7ar e voltar para agilidade durante navega\u00e7\u00e3o na Web. &#8211; Sensor \u00f3ptico de alta defini\u00e7\u00e3o proporciona um controle suave do cursor e um rastreamento preciso. &#8211; Bot\u00e3o de sele\u00e7\u00e3o da velocidade do ponteiro permite ajustar o cursor entre 800 dpi e 1200 [&hellip;]<\/p>\n","protected":false},"featured_media":1879,"comment_status":"closed","ping_status":"closed","template":"","meta":[],"product_cat":[104],"product_tag":[102],"_links":{"self":[{"href":"https:\/\/movitronics.com.br\/store\/wp-json\/wp\/v2\/product\/1878"}],"collection":[{"href":"https:\/\/movitronics.com.br\/store\/wp-json\/wp\/v2\/product"}],"about":[{"href":"https:\/\/movitronics.com.br\/store\/wp-json\/wp\/v2\/types\/product"}],"replies":[{"embeddable":true,"href":"https:\/\/movitronics.com.br\/store\/wp-json\/wp\/v2\/comments?post=1878"}],"wp:featuredmedia":[{"embeddable":true,"href":"https:\/\/movitronics.com.br\/store\/wp-json\/wp\/v2\/media\/1879"}],"wp:attachment":[{"href":"https:\/\/movitronics.com.br\/store\/wp-json\/wp\/v2\/media?parent=1878"}],"wp:term":[{"taxonomy":"product_cat","embeddable":true,"href":"https:\/\/movitronics.com.br\/store\/wp-json\/wp\/v2\/product_cat?post=1878"},{"taxonomy":"product_tag","embeddable":true,"href":"https:\/\/movitronics.com.br\/store\/wp-json\/wp\/v2\/product_tag?post=1878"}],"curies":[{"name":"wp","href":"https:\/\/api.w.org\/{rel}","templated":true}]}}