{"id":1893,"date":"2021-07-07T11:23:09","date_gmt":"2021-07-07T14:23:09","guid":{"rendered":"https:\/\/movitronics.com.br\/store\/?post_type=product&#038;p=1893"},"modified":"2021-07-26T23:02:36","modified_gmt":"2021-07-27T02:02:36","slug":"suporte-de-mesa-ajustavel-para-monitor-sistema-smartfit","status":"publish","type":"product","link":"https:\/\/movitronics.com.br\/store\/loja\/informatica\/ergonomia\/suporte-de-mesa-ajustavel-para-monitor-sistema-smartfit\/","title":{"rendered":"Suporte de Mesa Ajust\u00e1vel para Monitor &#8211; Sistema SmartFit\u00ae"},"content":{"rendered":"<p>O Sistema SmartFit proporciona um ajuste ergon\u00f4mico simples e funcional. O bra\u00e7o \u00e9 projetado para permitir um posicionamento perfeito, para uma esta\u00e7\u00e3o de trabalho segura, confort\u00e1vel e ergon\u00f4mica. Permite que o usu\u00e1rio ajuste a altura, profundidade e \u00e2ngulo adequados. Simplifica o ajuste de altura (170mm-505mm), oferece rota\u00e7\u00e3o de 180\u00b0, ajuste de inclina\u00e7\u00e3o de +\/- 90\u00b0. Com sistema de organiza\u00e7\u00e3o projetado para dispor os cabos, evita excesso de fios sobre a \u00e1rea de trabalho. Alterna facilmente entre modo paisagem e retrato. Suporta monitores plano ou curvos de 13&#8243; a 32&#8243; com at\u00e9 9kg.<\/p>\n<p>&#8211; O Sistema SmartFit\u00ae proporciona um ajuste ergon\u00f4mico simples e funcional.<br \/>\n&#8211; O bra\u00e7o \u00e9 projetado para permitir um posicionamento perfeito, para uma esta\u00e7\u00e3o de trabalho segura, confort\u00e1vel e ergon\u00f4mica.<br \/>\n&#8211; Permite que o usu\u00e1rio ajuste a altura, profundidade e \u00e2ngulo adequados.<br \/>\n&#8211; Alterna facilmente entre modo paisagem e retrato.<br \/>\n&#8211; Suporta monitores plano ou curvos de 13\u201d a 32\u201d com at\u00e9 9kg.<br \/>\n&#8211; Com sistema de organiza\u00e7\u00e3o projetado para dispor os cabos, evita excesso de fios sobre a \u00e1rea de trabalho.<\/p>\n","protected":false},"excerpt":{"rendered":"<p class=\"excerpt\">O Sistema SmartFit proporciona um ajuste ergon\u00f4mico simples e funcional. O bra\u00e7o \u00e9 projetado para permitir um posicionamento perfeito, para uma esta\u00e7\u00e3o de trabalho segura, confort\u00e1vel e ergon\u00f4mica. Permite que o usu\u00e1rio ajuste a altura, profundidade e \u00e2ngulo adequados. Simplifica o ajuste de altura (170mm-505mm), oferece rota\u00e7\u00e3o de 180\u00b0, ajuste de inclina\u00e7\u00e3o de +\/- 90\u00b0. [&hellip;]<\/p>\n","protected":false},"featured_media":1894,"comment_status":"closed","ping_status":"closed","template":"","meta":[],"product_cat":[106,107],"product_tag":[102],"_links":{"self":[{"href":"https:\/\/movitronics.com.br\/store\/wp-json\/wp\/v2\/product\/1893"}],"collection":[{"href":"https:\/\/movitronics.com.br\/store\/wp-json\/wp\/v2\/product"}],"about":[{"href":"https:\/\/movitronics.com.br\/store\/wp-json\/wp\/v2\/types\/product"}],"replies":[{"embeddable":true,"href":"https:\/\/movitronics.com.br\/store\/wp-json\/wp\/v2\/comments?post=1893"}],"wp:featuredmedia":[{"embeddable":true,"href":"https:\/\/movitronics.com.br\/store\/wp-json\/wp\/v2\/media\/1894"}],"wp:attachment":[{"href":"https:\/\/movitronics.com.br\/store\/wp-json\/wp\/v2\/media?parent=1893"}],"wp:term":[{"taxonomy":"product_cat","embeddable":true,"href":"https:\/\/movitronics.com.br\/store\/wp-json\/wp\/v2\/product_cat?post=1893"},{"taxonomy":"product_tag","embeddable":true,"href":"https:\/\/movitronics.com.br\/store\/wp-json\/wp\/v2\/product_tag?post=1893"}],"curies":[{"name":"wp","href":"https:\/\/api.w.org\/{rel}","templated":true}]}}