{"id":1915,"date":"2021-07-07T11:54:10","date_gmt":"2021-07-07T14:54:10","guid":{"rendered":"https:\/\/movitronics.com.br\/store\/?post_type=product&#038;p=1915"},"modified":"2021-07-26T22:50:18","modified_gmt":"2021-07-27T01:50:18","slug":"apoio-de-pulso-em-gel-ergosoft-para-teclado-padrao","status":"publish","type":"product","link":"https:\/\/movitronics.com.br\/store\/loja\/informatica\/mouses\/apoio-de-pulso-em-gel-ergosoft-para-teclado-padrao\/","title":{"rendered":"Apoio de Pulso em Gel ErgoSoft\u2122 para Teclado Padr\u00e3o"},"content":{"rendered":"<p>O Apoio de Pulso ErgoSoft \u00e9 produzido com material ultrassuave para proporcionar bem-estar e prote\u00e7\u00e3o a quem passa muito tempo na frente do computador, seja no ambiente de trabalho ou no uso dom\u00e9stico. Com design moderno e ergon\u00f4mico, desenvolvido em forma de curvas, interior em gel e base antideslizante, age na preven\u00e7\u00e3o de les\u00f5es por esfor\u00e7o repetitivo e ainda garante o conforto perfeito do punho durante o uso de teclados com altura entre 1 e 2 cm. O produto \u00e9 feito com poliuretano termopl\u00e1stico (TPU), tipo de pl\u00e1stico com alta resist\u00eancia e f\u00e1cil higieniza\u00e7\u00e3o.<\/p>\n<p>Atende ao m\u00e9todo MIL-STD-810H 504.3 Teste de contamina\u00e7\u00e3o por fluidos para resist\u00eancia \u00e0 quebra quando exposto a solventes de limpeza e desinfec\u00e7\u00e3o, como \u00e1lcool e alvejante, por pelo menos 24 horas.<br \/>\n&#8211; Age na preven\u00e7\u00e3o de les\u00f5es por esfor\u00e7o repetitivo e ainda garante o conforto perfeito do punho durante o uso de teclados com altura entre 1 e 2 cm.<br \/>\n&#8211; Design moderno e ergon\u00f4mico, desenvolvido em forma de curvas.<br \/>\n&#8211; Produzido com material ultrassuave, interior em gel e base antideslizante.<br \/>\n&#8211; Feito com Poliuretano Termopl\u00e1stico (TPU), tipo de pl\u00e1stico com alta resist\u00eancia e f\u00e1cil higieniza\u00e7\u00e3o.<\/p>\n","protected":false},"excerpt":{"rendered":"<p class=\"excerpt\">O Apoio de Pulso ErgoSoft \u00e9 produzido com material ultrassuave para proporcionar bem-estar e prote\u00e7\u00e3o a quem passa muito tempo na frente do computador, seja no ambiente de trabalho ou no uso dom\u00e9stico. Com design moderno e ergon\u00f4mico, desenvolvido em forma de curvas, interior em gel e base antideslizante, age na preven\u00e7\u00e3o de les\u00f5es por [&hellip;]<\/p>\n","protected":false},"featured_media":1916,"comment_status":"closed","ping_status":"closed","template":"","meta":[],"product_cat":[106,104],"product_tag":[102],"_links":{"self":[{"href":"https:\/\/movitronics.com.br\/store\/wp-json\/wp\/v2\/product\/1915"}],"collection":[{"href":"https:\/\/movitronics.com.br\/store\/wp-json\/wp\/v2\/product"}],"about":[{"href":"https:\/\/movitronics.com.br\/store\/wp-json\/wp\/v2\/types\/product"}],"replies":[{"embeddable":true,"href":"https:\/\/movitronics.com.br\/store\/wp-json\/wp\/v2\/comments?post=1915"}],"wp:featuredmedia":[{"embeddable":true,"href":"https:\/\/movitronics.com.br\/store\/wp-json\/wp\/v2\/media\/1916"}],"wp:attachment":[{"href":"https:\/\/movitronics.com.br\/store\/wp-json\/wp\/v2\/media?parent=1915"}],"wp:term":[{"taxonomy":"product_cat","embeddable":true,"href":"https:\/\/movitronics.com.br\/store\/wp-json\/wp\/v2\/product_cat?post=1915"},{"taxonomy":"product_tag","embeddable":true,"href":"https:\/\/movitronics.com.br\/store\/wp-json\/wp\/v2\/product_tag?post=1915"}],"curies":[{"name":"wp","href":"https:\/\/api.w.org\/{rel}","templated":true}]}}