{"id":1919,"date":"2021-07-08T14:47:23","date_gmt":"2021-07-08T17:47:23","guid":{"rendered":"https:\/\/movitronics.com.br\/store\/?post_type=product&#038;p=1919"},"modified":"2021-07-26T22:35:17","modified_gmt":"2021-07-27T01:35:17","slug":"mochila-securetrek-15","status":"publish","type":"product","link":"https:\/\/movitronics.com.br\/store\/loja\/informatica\/mochilas-maletas-bolsas\/mochila-securetrek-15\/","title":{"rendered":"Mochila SecureTrek\u2122 15&#8243;"},"content":{"rendered":"<p>&#8211; Possui fechos que ajudam a evitar tentativas de roubo e acesso n\u00e3o autorizado \u00e0 sua mochila.<br \/>\n&#8211; As travas port\u00e1teis Kensington (vendidas separadamente) prendem a mala a um objeto fixo, evitando tentativas de roubo.<br \/>\n&#8211; Traseira acolchoada fornece um transporte mais confort\u00e1vel, especialmente quando a mochila est\u00e1 cheia.<br \/>\n&#8211; Espa\u00e7o amplo para arquivos e itens pessoais.<br \/>\n&#8211; Material externo de poliuretano 840D.<br \/>\n&#8211; Comporta notebooks de at\u00e9 15,6 &#8220;e tablets de at\u00e9 10&#8221;.<\/p>\n","protected":false},"excerpt":{"rendered":"<p class=\"excerpt\">&#8211; Possui fechos que ajudam a evitar tentativas de roubo e acesso n\u00e3o autorizado \u00e0 sua mochila. &#8211; As travas port\u00e1teis Kensington (vendidas separadamente) prendem a mala a um objeto fixo, evitando tentativas de roubo. &#8211; Traseira acolchoada fornece um transporte mais confort\u00e1vel, especialmente quando a mochila est\u00e1 cheia. &#8211; Espa\u00e7o amplo para arquivos e [&hellip;]<\/p>\n","protected":false},"featured_media":1920,"comment_status":"closed","ping_status":"closed","template":"","meta":[],"product_cat":[101],"product_tag":[102],"_links":{"self":[{"href":"https:\/\/movitronics.com.br\/store\/wp-json\/wp\/v2\/product\/1919"}],"collection":[{"href":"https:\/\/movitronics.com.br\/store\/wp-json\/wp\/v2\/product"}],"about":[{"href":"https:\/\/movitronics.com.br\/store\/wp-json\/wp\/v2\/types\/product"}],"replies":[{"embeddable":true,"href":"https:\/\/movitronics.com.br\/store\/wp-json\/wp\/v2\/comments?post=1919"}],"wp:featuredmedia":[{"embeddable":true,"href":"https:\/\/movitronics.com.br\/store\/wp-json\/wp\/v2\/media\/1920"}],"wp:attachment":[{"href":"https:\/\/movitronics.com.br\/store\/wp-json\/wp\/v2\/media?parent=1919"}],"wp:term":[{"taxonomy":"product_cat","embeddable":true,"href":"https:\/\/movitronics.com.br\/store\/wp-json\/wp\/v2\/product_cat?post=1919"},{"taxonomy":"product_tag","embeddable":true,"href":"https:\/\/movitronics.com.br\/store\/wp-json\/wp\/v2\/product_tag?post=1919"}],"curies":[{"name":"wp","href":"https:\/\/api.w.org\/{rel}","templated":true}]}}