{"id":1942,"date":"2021-07-08T16:31:15","date_gmt":"2021-07-08T19:31:15","guid":{"rendered":"https:\/\/movitronics.com.br\/store\/?post_type=product&#038;p=1942"},"modified":"2023-11-13T18:07:07","modified_gmt":"2023-11-13T21:07:07","slug":"maleta-com-rodinhas-countour-feminina","status":"publish","type":"product","link":"https:\/\/movitronics.com.br\/store\/loja\/informatica\/mochilas-maletas-bolsas\/maleta-com-rodinhas-countour-feminina\/","title":{"rendered":"Maleta com Rodinhas &#8211; Countour Feminina"},"content":{"rendered":"<p>A al\u00e7a de contorno telesc\u00f3pico \u00e9 projetada ergonomicamente para transferir o peso para os rod\u00edzios, minimizando a tens\u00e3o no bra\u00e7o e aumentando a facilidade de rolagem<br \/>\n\u00c9 at\u00e9 25% mais leve do que a maioria dos rod\u00edzios tradicionais<br \/>\nO painel Air-Flo Contour\u2122 dissipa o calor e envolve o corpo para maior conforto e facilidade de carregamento<br \/>\nO compartimento acolchoado resistente a impactos com parte inferior almofadada AirBrake\u2122 protege o seu computador<br \/>\nAs al\u00e7as elegantes e confort\u00e1veis unem-se com um fecho magn\u00e9tico para conveni\u00eancia de apanhar e sair<br \/>\nO bolso externo para passagens mant\u00e9m os documentos importantes organizados e acess\u00edveis<br \/>\nSeu material imperme\u00e1vel e a base resistente \u00e0 \u00e1gua\/arranh\u00f5es mant\u00eam o conte\u00fado da sua bolsa seguro e seco<br \/>\nO compartimento traseiro com bolsos variados mant\u00e9m os grandes acess\u00f3rios organizados<\/p>\n<p><small><br \/>\nA <strong>Movitronics<\/strong> \u00e9 uma empresa distribuidora de <strong>Maletas \/Mochilas<\/strong>.<br \/>\nSomos representantes da Kensington no Brasil, empresa l\u00edder internacional no segmento de perif\u00e9ricos de inform\u00e1tica.<br \/>\nPossu\u00edmos diversos modelos de <strong> Maletas \/Mochilas <\/strong>.<br \/>\nSomos fornecedores de produtos de inform\u00e1tica e trabalhamos exclusivamente com vendas corporativas.<br \/>\nSe sua empresa est\u00e1 procurando produtos de inform\u00e1tica como <strong> Maletas \/Mochilas <\/strong>, travas para notebook, Mouses ou demais perif\u00e9ricos voc\u00ea pode consultar os produtos em nosso site ou solicitar um cat\u00e1logo completo.<br \/>\n<\/small><\/p>\n","protected":false},"excerpt":{"rendered":"<p class=\"excerpt\">A al\u00e7a de contorno telesc\u00f3pico \u00e9 projetada ergonomicamente para transferir o peso para os rod\u00edzios, minimizando a tens\u00e3o no bra\u00e7o e aumentando a facilidade de rolagem \u00c9 at\u00e9 25% mais leve do que a maioria dos rod\u00edzios tradicionais O painel Air-Flo Contour\u2122 dissipa o calor e envolve o corpo para maior conforto e facilidade de [&hellip;]<\/p>\n","protected":false},"featured_media":1943,"comment_status":"closed","ping_status":"closed","template":"","meta":[],"product_cat":[101],"product_tag":[102],"_links":{"self":[{"href":"https:\/\/movitronics.com.br\/store\/wp-json\/wp\/v2\/product\/1942"}],"collection":[{"href":"https:\/\/movitronics.com.br\/store\/wp-json\/wp\/v2\/product"}],"about":[{"href":"https:\/\/movitronics.com.br\/store\/wp-json\/wp\/v2\/types\/product"}],"replies":[{"embeddable":true,"href":"https:\/\/movitronics.com.br\/store\/wp-json\/wp\/v2\/comments?post=1942"}],"wp:featuredmedia":[{"embeddable":true,"href":"https:\/\/movitronics.com.br\/store\/wp-json\/wp\/v2\/media\/1943"}],"wp:attachment":[{"href":"https:\/\/movitronics.com.br\/store\/wp-json\/wp\/v2\/media?parent=1942"}],"wp:term":[{"taxonomy":"product_cat","embeddable":true,"href":"https:\/\/movitronics.com.br\/store\/wp-json\/wp\/v2\/product_cat?post=1942"},{"taxonomy":"product_tag","embeddable":true,"href":"https:\/\/movitronics.com.br\/store\/wp-json\/wp\/v2\/product_tag?post=1942"}],"curies":[{"name":"wp","href":"https:\/\/api.w.org\/{rel}","templated":true}]}}