{"id":2021,"date":"2022-07-15T10:17:34","date_gmt":"2022-07-15T13:17:34","guid":{"rendered":"https:\/\/movitronics.com.br\/store\/?post_type=product&#038;p=2021"},"modified":"2022-07-19T11:50:27","modified_gmt":"2022-07-19T14:50:27","slug":"ag1600","status":"publish","type":"product","link":"https:\/\/movitronics.com.br\/store\/loja\/redes-e-telecom\/aligera\/ag1600\/","title":{"rendered":"Media Gateway SIP E1 Aligera AG1600"},"content":{"rendered":"<p>O Media Gateway Aligera AG1600 \u00e9 uma solu\u00e7\u00e3o para interconex\u00e3o de m\u00e9dias e grandes empresas com alta densidade de interfaces E1 e que necessitam de conex\u00e3o IP sem investimentos elevados em altera\u00e7\u00e3o de toda a infraestrutura.<br \/>\nSuporta at\u00e9 480 canais de voz, traduz a sinaliza\u00e7\u00e3o entre a rede TDM e SIP, realiza a convers\u00e3o e transcodifica\u00e7\u00e3o de m\u00eddia com capacidade avan\u00e7ada de cancelamento de eco e suporte aos servi\u00e7os de fax em T. 38.<\/p>\n<p>O AG1600 \u00e9 um aliado na demanda de Contact Centers que j\u00e1 possuem uma plataforma de telefonia IP mas que s\u00e3o servidos pelas operadoras atrav\u00e9s de m\u00faltiplos enlaces E1.<br \/>\nPara operadores de telefonia permite a convers\u00e3o de m\u00faltiplos enlaces E1 em um acesso SIP direto ao core IP da rede permitindo a preserva\u00e7\u00e3o dos investimentos realizado nas plataformas dos sistema legados de telefonia.<\/p>\n","protected":false},"excerpt":{"rendered":"<div id=\"stacks_out_215\" class=\"stacks_out\">\n<div id=\"stacks_in_215\" class=\"stacks_in com_bigwhiteduck_stacks_headerpro_stack\">\n<h6 class=\"header-pro text-left custom-font g-font custom \"><span class=\"h-pro\"><span class=\"hTxt primary custom-font g-font \">DESTAQUES DO EQUIPAMENTO<\/span><\/span><\/h6>\n<div class=\"slice empty out\">\n<div class=\"slice empty in\"><\/div>\n<\/div>\n<\/div>\n<\/div>\n<div id=\"stacks_out_1696\" class=\"stacks_out\">\n<div id=\"stacks_in_1696\" class=\"stacks_in com_marathia_stacks_fancyline_stack\">\n<hr \/>\n<\/div>\n<\/div>\n<div id=\"stacks_out_220\" class=\"stacks_out\">\n<div id=\"stacks_in_220\" class=\"stacks_in com_elixir_stacks_foundryParagraph_stack\">\n<ul>\n<li>Sinaliza\u00e7\u00e3o R2 e ISDN<\/li>\n<li>Protocolo SIP RFC 3261 FTP, HTTP, HTTPS, SSH<\/li>\n<li>Codecs G.711A\/u, G.729A\/AB, G.726 e G.723.1<\/li>\n<li>Cancelamento de eco de 128ms (G.168)<\/li>\n<li>DTMF dentro da banda, RFC2833 ou SIP INFO VLAN 802.1Q<\/li>\n<\/ul>\n<\/div>\n<\/div>\n","protected":false},"featured_media":2039,"comment_status":"closed","ping_status":"closed","template":"","meta":[],"product_cat":[111,112],"product_tag":[84,115,116,114,113],"_links":{"self":[{"href":"https:\/\/movitronics.com.br\/store\/wp-json\/wp\/v2\/product\/2021"}],"collection":[{"href":"https:\/\/movitronics.com.br\/store\/wp-json\/wp\/v2\/product"}],"about":[{"href":"https:\/\/movitronics.com.br\/store\/wp-json\/wp\/v2\/types\/product"}],"replies":[{"embeddable":true,"href":"https:\/\/movitronics.com.br\/store\/wp-json\/wp\/v2\/comments?post=2021"}],"wp:featuredmedia":[{"embeddable":true,"href":"https:\/\/movitronics.com.br\/store\/wp-json\/wp\/v2\/media\/2039"}],"wp:attachment":[{"href":"https:\/\/movitronics.com.br\/store\/wp-json\/wp\/v2\/media?parent=2021"}],"wp:term":[{"taxonomy":"product_cat","embeddable":true,"href":"https:\/\/movitronics.com.br\/store\/wp-json\/wp\/v2\/product_cat?post=2021"},{"taxonomy":"product_tag","embeddable":true,"href":"https:\/\/movitronics.com.br\/store\/wp-json\/wp\/v2\/product_tag?post=2021"}],"curies":[{"name":"wp","href":"https:\/\/api.w.org\/{rel}","templated":true}]}}