{"id":2023,"date":"2022-07-15T10:22:01","date_gmt":"2022-07-15T13:22:01","guid":{"rendered":"https:\/\/movitronics.com.br\/store\/?post_type=product&#038;p=2023"},"modified":"2022-07-19T11:24:24","modified_gmt":"2022-07-19T14:24:24","slug":"ag300","status":"publish","type":"product","link":"https:\/\/movitronics.com.br\/store\/loja\/redes-e-telecom\/aligera\/ag300\/","title":{"rendered":"Gateway SIP E1 anal\u00f3gico Aligera &#8211; AG300"},"content":{"rendered":"<p>O AG300 \u00e9 um Gateway SIP anal\u00f3gico, com portas FXS e\/ou FXO para conex\u00e3o a linhas telef\u00f4nicas anal\u00f3gicas ou sistemas de PABX legado as redes de telefonia IP. Permite configura\u00e7\u00f5es complexas e recursos avan\u00e7ados atrav\u00e9s do acesso \u00e0 interface direta com o sistema operacional (shell).<br \/>\nVers\u00e1til, o AG300 suporta at\u00e9 8 portas FXS, 8 portas FXO ou ainda uma combina\u00e7\u00e3o\u00a0de 4 portas FXS e 4 FXO. Com avan\u00e7ado hardware para processamento de sinais o AG300 realiza a convers\u00e3o e transcodifica\u00e7\u00e3o de m\u00eddia com suporte a v\u00e1rios codecs, cancelamento de eco em todos os canais simultaneamente e suporte aos servi\u00e7os de fax em T.38.<\/p>\n","protected":false},"excerpt":{"rendered":"<div id=\"stacks_out_215\" class=\"stacks_out\">\n<div id=\"stacks_in_215\" class=\"stacks_in com_bigwhiteduck_stacks_headerpro_stack\">\n<h6 class=\"header-pro text-left custom-font g-font custom \"><span class=\"h-pro\"><span class=\"hTxt primary custom-font g-font \">DESTAQUES DO EQUIPAMENTO<\/span><\/span><\/h6>\n<div class=\"slice empty out\">\n<div class=\"slice empty in\"><\/div>\n<\/div>\n<\/div>\n<\/div>\n<div id=\"stacks_out_1696\" class=\"stacks_out\">\n<div id=\"stacks_in_1696\" class=\"stacks_in com_marathia_stacks_fancyline_stack\">\n<hr \/>\n<\/div>\n<\/div>\n<div id=\"stacks_out_220\" class=\"stacks_out\">\n<div id=\"stacks_in_220\" class=\"stacks_in com_elixir_stacks_foundryParagraph_stack\">\n<ul>\n<li>Modelos com 4 ou 8 portas FXS\/FXO<\/li>\n<li>Identificador de chamadas padr\u00e3o BINA ou FSK<\/li>\n<li>Configura\u00e7\u00e3o via WEB ou acesso ao shell do sistema operacional<\/li>\n<li>Codecs: G.729, G.723, G.726 e G.711<\/li>\n<li>Suporte a Fax e Modem (T.38 e G.711)<\/li>\n<li>Marca\u00e7\u00e3o dos pacotes IP e VLAN<\/li>\n<li>Acesso seguro por HTTPS ou SSH<\/li>\n<\/ul>\n<\/div>\n<\/div>\n","protected":false},"featured_media":2037,"comment_status":"closed","ping_status":"closed","template":"","meta":[],"product_cat":[111,112],"product_tag":[84,115,116,114,113],"_links":{"self":[{"href":"https:\/\/movitronics.com.br\/store\/wp-json\/wp\/v2\/product\/2023"}],"collection":[{"href":"https:\/\/movitronics.com.br\/store\/wp-json\/wp\/v2\/product"}],"about":[{"href":"https:\/\/movitronics.com.br\/store\/wp-json\/wp\/v2\/types\/product"}],"replies":[{"embeddable":true,"href":"https:\/\/movitronics.com.br\/store\/wp-json\/wp\/v2\/comments?post=2023"}],"wp:featuredmedia":[{"embeddable":true,"href":"https:\/\/movitronics.com.br\/store\/wp-json\/wp\/v2\/media\/2037"}],"wp:attachment":[{"href":"https:\/\/movitronics.com.br\/store\/wp-json\/wp\/v2\/media?parent=2023"}],"wp:term":[{"taxonomy":"product_cat","embeddable":true,"href":"https:\/\/movitronics.com.br\/store\/wp-json\/wp\/v2\/product_cat?post=2023"},{"taxonomy":"product_tag","embeddable":true,"href":"https:\/\/movitronics.com.br\/store\/wp-json\/wp\/v2\/product_tag?post=2023"}],"curies":[{"name":"wp","href":"https:\/\/api.w.org\/{rel}","templated":true}]}}