{"id":2118,"date":"2023-06-24T16:55:54","date_gmt":"2023-06-24T19:55:54","guid":{"rendered":"https:\/\/movitronics.com.br\/store\/?post_type=product&#038;p=2118"},"modified":"2023-06-24T16:56:42","modified_gmt":"2023-06-24T19:56:42","slug":"headset-evolve-20-ms-stereo-fones-de-ouvido-com-cancelamento-de-ruido-passivo-cabo-usb-com-controle-de-chamada-preto","status":"publish","type":"product","link":"https:\/\/movitronics.com.br\/store\/loja\/jabra\/headsets-jabra\/headset-evolve-20-ms-stereo-fones-de-ouvido-com-cancelamento-de-ruido-passivo-cabo-usb-com-controle-de-chamada-preto\/","title":{"rendered":"Headset Evolve 20 MS Stereo &#8211; Fones de ouvido com cancelamento de ru\u00eddo pass\u00edvo, cabo USB com controle de chamada &#8211; preto"},"content":{"rendered":"<p>\u2022 Dispon\u00edvel na vers\u00e3o Mono e St\u00e9reo<br \/>\n\u2022 Conectividade Plug and Play<br \/>\n\u2022 Unidade de controle de chamada para gerenciar liga\u00e7\u00f5es<br \/>\n\u2022 Microfone com cancelamento de ru\u00eddo<\/p>\n<p>Certificado Microsoft<\/p>\n<p>&nbsp;<\/p>\n","protected":false},"excerpt":{"rendered":"<p class=\"excerpt\">\u2022 Dispon\u00edvel na vers\u00e3o Mono e St\u00e9reo<br \/>\n\u2022 Conectividade Plug and Play<br \/>\n\u2022 Unidade de controle de chamada para gerenciar liga\u00e7\u00f5es<br \/>\n\u2022 Microfone com cancelamento de ru\u00eddo<\/p>\n","protected":false},"featured_media":2119,"comment_status":"closed","ping_status":"closed","template":"","meta":[],"product_cat":[122,82,121],"product_tag":[123],"_links":{"self":[{"href":"https:\/\/movitronics.com.br\/store\/wp-json\/wp\/v2\/product\/2118"}],"collection":[{"href":"https:\/\/movitronics.com.br\/store\/wp-json\/wp\/v2\/product"}],"about":[{"href":"https:\/\/movitronics.com.br\/store\/wp-json\/wp\/v2\/types\/product"}],"replies":[{"embeddable":true,"href":"https:\/\/movitronics.com.br\/store\/wp-json\/wp\/v2\/comments?post=2118"}],"wp:featuredmedia":[{"embeddable":true,"href":"https:\/\/movitronics.com.br\/store\/wp-json\/wp\/v2\/media\/2119"}],"wp:attachment":[{"href":"https:\/\/movitronics.com.br\/store\/wp-json\/wp\/v2\/media?parent=2118"}],"wp:term":[{"taxonomy":"product_cat","embeddable":true,"href":"https:\/\/movitronics.com.br\/store\/wp-json\/wp\/v2\/product_cat?post=2118"},{"taxonomy":"product_tag","embeddable":true,"href":"https:\/\/movitronics.com.br\/store\/wp-json\/wp\/v2\/product_tag?post=2118"}],"curies":[{"name":"wp","href":"https:\/\/api.w.org\/{rel}","templated":true}]}}