{"id":2179,"date":"2023-06-25T22:39:23","date_gmt":"2023-06-26T01:39:23","guid":{"rendered":"https:\/\/movitronics.com.br\/store\/?post_type=product&#038;p=2179"},"modified":"2023-06-25T22:39:24","modified_gmt":"2023-06-26T01:39:24","slug":"headset-engage-75-convertible-conversivel-sem-fio-com-cancelamento-de-ruido","status":"publish","type":"product","link":"https:\/\/movitronics.com.br\/store\/loja\/jabra\/headsets-jabra\/headset-engage-75-convertible-conversivel-sem-fio-com-cancelamento-de-ruido\/","title":{"rendered":"Headset Engage 75 Convertible\/Convers\u00edvel &#8211; Sem Fio com Cancelamento de Ru\u00eddo"},"content":{"rendered":"<p>\u2022 Desempenho sem fio<br \/>\n\u2022 Cancelamento de ru\u00eddo<br \/>\n\u2022 Headset leve, pesando apenas 18g.<br \/>\n\u2022 Tempo de fala o tempo todo e luz de ocupado integrada<br \/>\n\u2022 Chamadas n\u00edtidas<br \/>\n\u2022 N\u00edveis de som constante ao longo do dia<br \/>\n\u2022 9 horas de bateria<br \/>\n\u2022 Conecta-se at\u00e9 5 dispositivos simultaneamente<br \/>\n\u2022 Prote\u00e7\u00e3o auditiva<\/p>\n<p>Jabra Engage 75 Projetado para ser o fone de ouvido profissional sem fio mais poderoso do mundo *<\/p>\n<p>Desempenho sem fio l\u00edder da ind\u00fastria. Melhores conex\u00f5es com o cliente.<br \/>\nChamadas cristalinas. Aprimore a experi\u00eancia do cliente.<br \/>\nMais tempo de conversa, menos interrup\u00e7\u00f5es. Aumentar a produtividade<\/p>\n<p><strong>\u00c1udio:<\/strong><br \/>\nTamanho do alto-falante 13 x 3,65 mm<br \/>\nPot\u00eancia de sa\u00edda m\u00e1xima do alto-falante &lt;118 dBSPL (A)<br \/>\nFaixa de frequ\u00eancia do alto-falante 40Hz 16kHz<br \/>\nLargura de banda do alto-falante modo de m\u00fasica 40 Hz 16 kHz<br \/>\nLargura de banda do alto-falante modo de fala 800 Hz 150 6.800 Hz<br \/>\nMicrofone tipo microfone duplo<br \/>\nFaixa de frequ\u00eancia do microfone: 100Hz 10KHz<br \/>\nCertifica\u00e7\u00f5es CE, CB, FCC, IC, NOM, NTC, EAC, PSB, ICASA, TELEC, SIRIM, ACMA, NZ Telepermit, UL, Bluetooth\u00ae<\/p>\n<p><strong>F\u00e1cil de usar:<\/strong><br \/>\nControle de \u00e1udio intuitivo Atender \/ encerrar chamada Controle de volume de rejei\u00e7\u00e3o de chamada<br \/>\nVoz \/ mudo Sim<br \/>\nBusylight Luz vermelha integrada na ponta do microfone e no fone de ouvido, ativada durante uma chamada ou manualmente pelo usu\u00e1rio quando ocupado, para atuar como um sinal de \u201cn\u00e3o perturbe\u201d (o modelo convers\u00edvel possui busylight no fone de ouvido apenas).<\/p>\n<p><strong>Ajuste e conforto:<\/strong><br \/>\nFator de forma do fone de ouvido Gancho (faixa de cabe\u00e7a e acess\u00f3rio de fita para o pesco\u00e7o)<br \/>\nTamanhos Earhook2<br \/>\nEarGelTM 2 EarGelsTM<br \/>\nFaixa de pesco\u00e7o inclu\u00edda<\/p>\n<p><strong>Bateria<\/strong>:<br \/>\nTempo de conversa\u00e7\u00e3o (at\u00e9 \/ horas) 9<br \/>\nTempo de espera 32 (melhora com o uso do recurso Power Nap)<br \/>\nTempo de carregamento 75 min<br \/>\nFonte de alimenta\u00e7\u00e3o AC Sim<br \/>\nConsumo de energia 7,5 V \/ 650 mA<br \/>\n% Do status da bateria ap\u00f3s 30 min \/ 60 min: 40% ap\u00f3s 30 min e 80% ap\u00f3s 60 min<\/p>\n<p><strong>Conectividade<\/strong>:<br \/>\nConectividade 2x m\u00f3vel (Bluetooth\u00ae) telefone fixo, telefone fixo USB, softphone, 2x m\u00f3vel (Bluetooth\u00ae)<br \/>\nConex\u00e3o (minitomada, USB, etc.) 2pcs Micro USB, RJ 9 para fone, RJ 9 para \u00e1udio de telefone de mesa, RJ 45 para AUX<br \/>\nDispositivo DECT Sim<br \/>\nNFC Sim<br \/>\nDispositivo Bluetooth\u00ae na base Sim<br \/>\nBluetooth\u00ae vers\u00e3o 5.0<br \/>\nModos Bluetooth\u00ae suportados Modo sniff<br \/>\nPerfis Bluetooth\u00ae suportados m\u00e3os livres e PBAB<br \/>\nPIN de emparelhamento Bluetooth\u00ae: Bluetooth\u00ae: 0000<br \/>\nDispositivos pareados (at\u00e9) 2 dispositivos Bluetooth\u00ae<br \/>\nAlcance operacional (at\u00e9) 150 m \/ 490 p\u00e9s 150 m \/ 490 p\u00e9s 100 metros \/ 330 p\u00e9s<br \/>\nLargura de banda do fone de ouvido Banda estreita e banda larga.<br \/>\nOtimizado para m\u00fasica (quando n\u00e3o estiver em uma chamada) Banda estreita e banda larga.<\/p>\n","protected":false},"excerpt":{"rendered":"<p class=\"excerpt\">\u2022 Desempenho sem fio \u2022 Cancelamento de ru\u00eddo \u2022 Headset leve, pesando apenas 18g. \u2022 Tempo de fala o tempo todo e luz de ocupado integrada \u2022 Chamadas n\u00edtidas \u2022 N\u00edveis de som constante ao longo do dia \u2022 9 horas de bateria \u2022 Conecta-se at\u00e9 5 dispositivos simultaneamente \u2022 Prote\u00e7\u00e3o auditiva Jabra Engage 75 [&hellip;]<\/p>\n","protected":false},"featured_media":2182,"comment_status":"closed","ping_status":"closed","template":"","meta":[],"product_cat":[122,82,121],"product_tag":[126,124],"_links":{"self":[{"href":"https:\/\/movitronics.com.br\/store\/wp-json\/wp\/v2\/product\/2179"}],"collection":[{"href":"https:\/\/movitronics.com.br\/store\/wp-json\/wp\/v2\/product"}],"about":[{"href":"https:\/\/movitronics.com.br\/store\/wp-json\/wp\/v2\/types\/product"}],"replies":[{"embeddable":true,"href":"https:\/\/movitronics.com.br\/store\/wp-json\/wp\/v2\/comments?post=2179"}],"wp:featuredmedia":[{"embeddable":true,"href":"https:\/\/movitronics.com.br\/store\/wp-json\/wp\/v2\/media\/2182"}],"wp:attachment":[{"href":"https:\/\/movitronics.com.br\/store\/wp-json\/wp\/v2\/media?parent=2179"}],"wp:term":[{"taxonomy":"product_cat","embeddable":true,"href":"https:\/\/movitronics.com.br\/store\/wp-json\/wp\/v2\/product_cat?post=2179"},{"taxonomy":"product_tag","embeddable":true,"href":"https:\/\/movitronics.com.br\/store\/wp-json\/wp\/v2\/product_tag?post=2179"}],"curies":[{"name":"wp","href":"https:\/\/api.w.org\/{rel}","templated":true}]}}